st the prime factors of y.
2
Let b = -36 + 36. Let c(v) = 2*v + 5 - 4*v + v**3 + v. What are the prime factors of c(b)?
5
Let g = -45 + 147. Let u = 3 - -1. Suppose 0 = -5*q - 3*v + g, -u*v = 3*q - 2*v - 62. List the prime factors of q.
2, 3
Let o(c) = 1 + c - 5 + 1. Suppose t = -0 + 7. List the prime factors of o(t).
2
Let f(g) = 5*g + 6. Let i be f(4). Let v = i + -16. List the prime factors of v.
2, 5
Suppose 2*j + i - 30 - 17 = 0, j - 2*i = 31. List the prime factors of j.
5
Let w = -4 - -12. Let n = 17 - w. What are the prime factors of n?
3
Suppose -3438 - 1016 = -17*m. List the prime factors of m.
2, 131
Suppose 3 - 5 = -w. Let k(g) = -g + g**2 + g + w*g**3. List the prime factors of k(1).
3
Suppose 4*u - 4*q = 228, -3*q = 5*u - 138 - 179. Let t = -41 + u. What are the prime factors of t?
2, 5
Let l be 30/9*(-3)/2. Let b(j) = -j - 4. Let a be b(l). List the prime factors of 16/(a*(0 - -1)).
2
Let l(h) = -h**3 - 9*h**2 - 5*h - 12. Let q be l(-8). List the prime factors of (5/3)/((-6)/q).
2, 5
Let i(h) = -2 + 0*h - 3*h + 5*h. Let l be i(2). Let u = 1 + l. What are the prime factors of u?
3
Suppose n + 132 = 2*n + 2*a, -n + 3*a = -127. List the prime factors of n.
2, 5, 13
Let w = -31 + 76. List the prime factors of w.
3, 5
Let u be 2*3/(-6)*-4. List the prime factors of u/((-1)/(-12)*3).
2
Let q(d) = 4*d**2 + 3. Suppose 5*l + 3*t = -4, 0*l - 2*t = -3*l - 10. List the prime factors of q(l).
19
Let t = 10 + -7. Let v = -1 + -2. Let x = t - v. What are the prime factors of x?
2, 3
Let x = 117 - -69. List the prime factors of x.
2, 3, 31
Suppose -15 = -3*m - 2*m. Suppose -2*s + 40 = m*s. What are the prime factors of s?
2
Let j be -2 - (-2 - -1)/(-1). Let r = -4 - j. List the prime factors of -42*3/(6/r).
3, 7
Let x(k) = -k**3 - 9*k**2 - k + 12. Let y be x(-9). Suppose 3*r - 27 = -3*w, -2*w + y = -3*r + 63. What are the prime factors of r?
2, 3
Let p(y) = y**2 + 9*y - 11. Let r(f) = f**2 - 2*f - 11. Let w be r(0). List the prime factors of p(w).
11
Let l be 48/(-5)*100/(-8). Suppose l = -i - 3*i. List the prime factors of i/9*-3*1.
2, 5
Let w = -30 - -86. What are the prime factors of w?
2, 7
Suppose 4*m + 15 = -5. Let o = -1 - m. Suppose -3*i = -5*d + 13, o*i - 4 = 12. List the prime factors of d.
5
Suppose -5*b + 2*n = -n - 14, -3*n - 6 = -3*b. Let z(w) = -w**3 - 6 - w + 3*w + w + b*w**2. What are the prime factors of z(4)?
2, 3
Let r(u) be the third derivative of u**4/12 + 10*u**3/3 + 4*u**2. List the prime factors of r(6).
2
Let n be -4*((-114)/(-8))/3. Let w = n - -35. What are the prime factors of w?
2
Suppose 13*w + 45 = 14*w. What are the prime factors of w?
3, 5
Suppose 9*g - 8*g = 0. Suppose 3*z - 2*z - 6 = g. What are the prime factors of z?
2, 3
Suppose -4*u - 5*s - 5 - 2 = 0, s + 1 = -u. Suppose -b - 5*n = 4*b - 15, -5*n + 15 = -u*b. Let g = 11 - b. List the prime factors of g.
11
List the prime factors of (-2)/(-4)*(6 - 2).
2
Suppose u - 38 = -0*u. Let t = 1 + u. List the prime factors of t.
3, 13
What are the prime factors of (-2)/(3 - (-84)/(-27))?
2, 3
Suppose 3*j = 2*j + 21. List the prime factors of j.
3, 7
List the prime factors of (2/8)/(6/264).
11
Suppose -3*c - 20 = -c. Let n = c + 25. List the prime factors of n.
3, 5
Suppose f = -1, f = 4*s + 30 - 3. List the prime factors of s/2*(-228)/133.
2, 3
Let p(g) = -g**2 - 9*g + 7. Let l be p(-9). Suppose l*n + 38 = 9*n. What are the prime factors of n?
19
Let c be 0 + 0 - (1 + -7). Suppose 0 = c*h - h - 40. Let j = h - -2. List the prime factors of j.
2, 5
Suppose b - 3*a = 6*b - 9, -5*b - 4*a = -7. Suppose -13 = 5*w + 4*c, 0 = w + c + b*c + 9. What are the prime factors of 1 + (w - (2 - 6))?
2
Let s(f) = f**3 + 14*f**2 - 15*f + 8. Let b be s(-15). Suppose -4*p + 49 - b = 3*a, a + 2*p = 11. What are the prime factors of a?
19
Suppose 0*t - 4*t = 4*h + 24, 2*h - 9 = 5*t. Let f(u) = 5*u**2 + u. List the prime factors of f(t).
2, 3, 7
Suppose 2*i - 5 = i. Suppose 0 = 4*g - i*m + 6 - 19, 0 = -5*g + m + 32. List the prime factors of g.
7
What are the prime factors of 1/((-5)/(-1955)*1)?
17, 23
Suppose -u - 40 = -5*n, -4*n + 6*n = 2*u + 8. Suppose 3*l - n = -0. What are the prime factors of l?
3
List the prime factors of (-347)/(-2) + 5/30*-3.
173
Let w(r) = -r**2 - 9*r - 4. Let q be w(-6). Suppose q = -a + 3*a. Suppose -2*z + f = -23 + a, 40 = 5*z - f. What are the prime factors of z?
2
Suppose 0 = -5*c + 63 + 7. List the prime factors of c.
2, 7
Let x(c) = -c - 1. Let k be x(4). Let j = k - -7. What are the prime factors of j?
2
Let h(g) be the third derivative of -g**5/60 - g**4/3 + 5*g**3/6 + 3*g**2. What are the prime factors of h(-5)?
2, 5
Suppose -3*w + 22 = -2*p + p, p + 34 = 5*w. Suppose w*o = 4*o + 38. List the prime factors of o.
19
Suppose 4*c - 180 = -0*c. What are the prime factors of c?
3, 5
Let r(l) = 2*l**2 - 7*l + 6. Let v be r(5). Let k(d) = d**2 - 2*d - 5. Let o be k(4). Suppose -o*s + v - 6 = 3*c, 4*c + s = 23. What are the prime factors of c?
2, 3
Suppose -20*z + 60 = -19*z. What are the prime factors of z?
2, 3, 5
Let z be 72/(-5) - 2/(-5). Let m be 4/z + (-725)/35. Let y = 29 + m. What are the prime factors of y?
2
Let g = 2 - -2. Suppose -1 = m - g. Suppose 5*w - 5*n + 2*n - 16 = 0, n = m. What are the prime factors of w?
5
Let i be (10/30)/(2/30). Suppose -4*p + 11 = -i. Suppose -2*j - 5*y + 23 = 0, 5*j - 43 = -p*y + 6. List the prime factors of j.
3
Let l = 295 + -126. List the prime factors of l.
13
Let h(r) = -3 - 2*r + 0*r + 3*r - 2. Let z be h(0). Let u = z + 10. List the prime factors of u.
5
Let b(n) = n**2 - 3*n + 2. Let f be 3 + 0 - 1 - -1. Let d be b(f). Suppose -d*k + 22 = 3*h, -k - 20 = 5*h - 66. What are the prime factors of h?
2, 5
Let m = -8 + 77. List the prime factors of m.
3, 23
Suppose m - 28 = 4. List the prime factors of m.
2
Suppose -2*s + 2*c - 8 = 0, -s - c + 2 = -5*c. Let k = 10 + s. List the prime factors of k.
2
Suppose -2*n + 0*n = -10. Let j(v) = 2 - n + 10*v - 2*v. List the prime factors of j(2).
13
Let m(d) = d**3 - 6*d**2 + 8*d - 9. What are the prime factors of m(5)?
2, 3
Suppose 0 = 3*h - 6 + 3, 2*h = -i. What are the prime factors of (45/(-6))/3*i?
5
Let u be (-2)/3 + (-26)/(-3). Suppose u = 4*o - 60. Suppose 5*g = 67 - o. List the prime factors of g.
2, 5
Let d(s) be the second derivative of 0*s**2 + 1/3*s**3 + 2*s + 0. List the prime factors of d(2).
2
Let r(i) = -3*i - 11. Suppose 0 = -3*m + 49 - 10. Suppose 4*o + b = -33, o + 7*b - 2*b + m = 0. What are the prime factors of r(o)?
13
Let c(b) = b + 15. Let x be c(8). Let n = -15 + x. What are the prime factors of n?
2
Suppose 3*q - 4 - 2 = 0. Let x be ((-3)/q)/(2/(-4)). What are the prime factors of x/3 + (-10)/(-1)?
11
Suppose -m = 4*m - 30. Let g = 17 + m. List the prime factors of g.
23
Let n = 14 + -9. List the prime factors of n.
5
Let o(w) = -7*w - 3. Suppose 3*i + 4 = i. Let u be o(i). Let s = u - 7. List the prime factors of s.
2
Let w = -5 - -8. Let m = w - 3. Suppose -2*a + 0*j + 20 = -2*j, -a + 4*j + 4 = m. List the prime factors of a.
2, 3
Let j(b) = b**2 + 9*b + 7. Let q be j(-4). What are the prime factors of (-325)/q + -3 + 0?
2, 11
Suppose 0 = -2*u + 16 - 6. Suppose u*w + 3*p = -57, -4*w = w + 2*p + 53. What are the prime factors of w/(-15)*(-2 + 7)?
3
Suppose 2*t + 14 = 4. Let b(k) = -k**3 - 6*k**2 - 5*k + 1. Let n be b(t). Suppose 0 = -2*p + d - n, 4*d = 5*p + 2*d. List the prime factors of p.
2
Suppose 5*w - 25 = 5*q, -5*w + 16 = 4*q - 0. Suppose -3*r = r - w. List the prime factors of ((-2)/(-1))/(r/4).
2
Let o(w) = 4*w - 2*w - 5 - w**2 + 2*w. Let a be o(4). Let f = 8 + a. What are the prime factors of f?
3
Suppose -286 = -17*g + 16*g. What are the prime factors of g?
2, 11, 13
Let p(t) = -t**2 - 10*t + 3. Let v be p(-9). Let o(u) = u**3 - 12*u**2 + 3*u + 3. What are the prime factors of o(v)?
3, 13
Let l = 104 + -55. What are the prime factors of l?
7
Let d(q) = -5*q - 15. List the prime factors of d(-6).
3, 5
List the prime factors of 121/(0 + -1)*-1.
11
Let k(p) = 19*p + 10. List the prime factors of k(11).
3, 73
Suppose 93 = 2*l - a - 8, 2*a - 38 = -l. Suppose c + 3*c - l = 0. Suppose 0 = -z - 0*z + c. List the prime factors of z.
2, 3
Let i be 2/6 + (-53)/(-3). Suppose i = 3*r - 102. List the prime factors of r.
2, 5
Let w(n) = -n**2 + 9*